*3 + 27*w**2 - w + 67. What is m(-7)?
25
Let m(c) = -64*c - 645. Determine m(-13).
187
Let l(v) = 2*v**3 + 13*v**2 - 21*v - 23. Determine l(-8).
-47
Let h(s) = -179*s + 3041. Give h(17).
-2
Let i(v) = -v**3 + 3*v**2 - 94*v + 500. What is i(5)?
-20
Let i(x) = 19*x**3 - 937*x - 937. Determine i(-1).
-19
Let q(r) = r**3 + 5*r**2 + 40*r + 135. Calculate q(-4).
-9
Let k(s) = 136*s + 388. What is k(2)?
660
Let i(o) = 26*o**3 - 6*o**2 + 12*o - 8. What is i(1)?
24
Let y(i) = 459*i + 3692. What is y(-8)?
20
Let n(o) = o**2 + 62*o + 721. Give n(-15).
16
Let s(t) = 21*t**3 + 189*t**2 + 2*t + 39. Determine s(-9).
21
Let k(w) = w**2 + 25*w - 528. Give k(13).
-34
Let n(u) = 176*u + 1450. Calculate n(-7).
218
Let w(o) = -3*o**3 - 44*o**2 - 50*o - 5. Determine w(-13).
-200
Let v(y) = -69*y**2 - 402*y + 35. Calculate v(-6).
-37
Let z(p) = -58*p - 566. Give z(-8).
-102
Let t(o) = 2*o**3 - 3*o**2 - 10*o + 30. Determine t(-4).
-106
Let h(s) = 21*s**2 - 475*s - 218. What is h(23)?
-34
Let m(q) = 2*q**2 - 76*q + 82. Give m(36).
-62
Let h(z) = -930*z - 14878. What is h(-16)?
2
Let a(k) = -k**3 - 9*k**2 - 13*k + 2. Give a(-7).
-5
Let o(p) = -p**3 + 4*p**2 + 824*p - 3300. Give o(4).
-4
Let w(y) = 267*y + 7991. Give w(-30).
-19
Let j(u) = u**3 + 8*u**2 - 50*u - 53. Determine j(-14).
-529
Let b(u) = -28*u**2 - 1520*u - 452. Calculate b(-54).
-20
Let q(f) = -f**3 + 50*f**2 + f - 12. What is q(50)?
38
Let o(s) = -352*s - 7044. Give o(-20).
-4
Let k(s) = s**2 + 116*s + 561. What is k(-5)?
6
Let v(h) = 5*h**2 - 70*h + 217. Calculate v(3).
52
Let m(u) = -u**3 + 44*u**2 - 136*u + 2193. What is m(42)?
9
Let b(v) = -v**3 + 73*v**2 - 67*v - 300. Calculate b(72).
60
Let c(p) = -3*p**2 + 123*p - 1082. What is c(28)?
10
Let b(h) = h**3 - 7*h**2 - 4*h + 22. Calculate b(4).
-42
Let m(t) = t**3 + 17*t**2 - 27*t - 43. Determine m(-18).
119
Let c(x) = x**2 - 3*x - 68. What is c(10)?
2
Let a(p) = -p**3 - 35*p**2 - 51*p + 516. Give a(-33).
21
Let p(u) = -u**3 + 3*u**2 - u - 3. Give p(2).
-1
Let g(h) = h**3 + 64*h**2 - 81*h - 1072. What is g(-65)?
-32
Let y(u) = -21*u + 2133. What is y(101)?
12
Let x(c) = -8*c - 761. Calculate x(-94).
-9
Let u(o) = -40*o**2 + 49*o + 51. Determine u(-1).
-38
Let o(k) = -24*k**2 + 4*k. Calculate o(2).
-88
Let q(j) = -4*j**2 - 97*j - 31. Determine q(-24).
-7
Let v(t) = 45*t**2 + 9*t + 8. Determine v(-1).
44
Let d(k) = -81*k + 334. Calculate d(11).
-557
Let q(o) = -o**2 - 24*o - 59. Calculate q(-3).
4
Let y(j) = 2*j**2 - 179*j + 184. Give y(90).
274
Let i(b) = 505*b - 1007. Determine i(2).
3
Let q(p) = -1217*p - 6022. Calculate q(-5).
63
Let k(b) = b**3 + 22*b**2 - 17*b + 126. Calculate k(-23).
-12
Let k(v) = -v**3 + 10*v**2 - 24*v + 6. What is k(7)?
-15
Let b(y) = 254*y + 2020. What is b(-8)?
-12
Let m(y) = -y**3 - y**2 + 47. Give m(8).
-529
Let h(g) = -g**3 - 10*g**2 - 31*g - 6. Give h(-10).
304
Let t(j) = -35*j + 1867. What is t(62)?
-303
Let q(j) = 121*j**2 + 1. Give q(-1).
122
Let h(q) = q**3 + q**2 + 180*q + 180. Calculate h(-1).
0
Let y(u) = -u**3 - 25*u**2 + 17*u - 218. Give y(-26).
16
Let y(m) = m**2 + 5398*m + 48505. Calculate y(-9).
4
Let p(q) = -421*q - 2927. Calculate p(-7).
20
Let t(v) = 2*v**2 - 44*v - 647. Calculate t(32).
-7
Let t(b) = -b**2 - 701*b - 21. Give t(0).
-21
Let p(l) = l**2 + 14*l - 38. Determine p(-19).
57
Let s(t) = 3*t - 581. What is s(-39)?
-698
Let t(p) = -16*p**2 - 51*p + 1. What is t(-4)?
-51
Let f(i) = 16*i**2 - 14*i - 25. Determine f(-2).
67
Let v(h) = 2*h**3 + 189*h**2 - 74*h + 1970. Give v(-95).
-25
Let w(a) = -a**3 + 40*a**2 - 51*a + 234. Calculate w(39).
-234
Let d(u) = 12*u + 373. What is d(-20)?
133
Let x(k) = 39*k + 74. Give x(-2).
-4
Let h(b) = 72*b + 3819. Determine h(-53).
3
Let l(r) = r**3 - 57*r**2 + 812*r - 5. Give l(28).
-5
Let y(m) = 10*m**3 - 277*m**2 - 84*m + 46. Calculate y(28).
46
Let x(w) = -w**3 + 21*w**2 - 16*w + 826. Give x(22).
-10
Let d(h) = h**2 + 26*h + 52. What is d(-11)?
-113
Let c(p) = -4*p**3 - 37*p**2 + 35*p + 390. Calculate c(-9).
-6
Let j(f) = -405*f**3 - 5*f - 6. Determine j(-1).
404
Let y(p) = -102*p + 1622. Give y(16).
-10
Let d(b) = -b**3 + 18*b**2 - 23*b + 102. Give d(17).
0
Let h(f) = 337*f**2 + 12*f + 2. Give h(-1).
327
Let q(f) = -f**3 + 65*f**2 - 247*f + 194. What is q(61)?
11
Let y(s) = -3*s + 12. Give y(9).
-15
Let l(p) = -p**3 - 23*p**2 - 146*p - 161. Determine l(-12).
7
Let z(i) = 94*i + 2722. Give z(-29).
-4
Let a(y) = 79*y - 1339. Give a(17).
4
Let d(n) = n**2 + 105*n - 6168. Determine d(42).
6
Let b(q) = 148*q + 1127. Calculate b(-10).
-353
Let n(j) = j**3 + 48*j**2 - 2*j - 137. What is n(-48)?
-41
Let v(y) = y**3 + 24*y**2 + 94*y + 6. Give v(-19).
25
Let r(g) = 2347*g + 9387. What is r(-4)?
-1
Let l(q) = -q**2 - 2*q - 45. Calculate l(0).
-45
Let l(j) = -30*j - 553. Give l(-18).
-13
Let y(z) = 14*z + 164. Determine y(-38).
-368
Let k(h) = h**3 + 7*h**2 - 43*h - 3. Give k(4).
1
Let o(p) = 5*p**2 + 9*p - 24. Give o(-7).
158
Let n(r) = -3*r**3 + 15*r**2 + 16*r - 3. Calculate n(5).
77
Let l(z) = -z**2 - 22*z - 55. Calculate l(-26).
-159
Let l(g) = 4*g**2 - 43*g + 114. Determine l(9).
51
Let a(i) = -26*i + 276. Calculate a(8).
68
Let u(v) = 2*v**2 + 50*v + 259. Give u(-7).
7
Let l(h) = -h**2 + 32*h - 344. Give l(21).
-113
Let q(f) = -2*f**3 - 35*f**2 + 20*f + 27. Determine q(-18).
-9
Let n(f) = -f**3 - 860*f + 1722. Determine n(2).
-6
Let a(m) = -2*m**3 - 212*m**2 - m - 130. What is a(-106)?
-24
Let r(b) = -6*b + 114. Calculate r(9).
60
Let b(s) = -s**3 - 33*s**2 + 73*s + 368. Calculate b(-35).
263
Let i(p) = -27*p**2 + 139*p + 271. Give i(-2).
-115
Let w(i) = -4*i**2 - 68*i + 12. Calculate w(-17).
12
Let c(o) = -o**3 - 13*o**2 + 19*o + 90. Determine c(-4).
-130
Let b(j) = -695*j + 4678. Give b(7).
-187
Let p(l) = 450*l + 1347. Determine p(-3).
-3
Let f(i) = -14*i**3 + 3*i**2 + 66*i - 67. Calculate f(1).
-12
Let a(i) = i**2 + 50*i + 565. Calculate a(-32).
-11
Let y(m) = 2*m**2 + 14*m - 64. Determine y(-10).
-4
Let p(y) = -26*y**2 + 13*y - 31. Determine p(3).
-226
Let b(m) = 866*m - 3726. Determine b(4).
-262
Let q(m) = m**3 - 28*m**2 - m + 49. Determine q(28).
21
Let b(c) = 10*c**2 - 12*c + 46. What is b(4)?
158
Let z(a) = 98*a**2 + 123*a + 4. Determine z(-3).
517
Let j(k) = -k**3 + 10*k**2 + 73*k - 28. Calculate j(11).
654
Let a(l) = l**3 + 14*l**2 - 27*l + 409. Calculate a(-17).
1
Let h(b) = 2*b**2 - 18*b - 10. Calculate h(11).
34
Let k(t) = 2*t**2 - 315*t + 7751. What is k(127)?
4
Let f(p) = -171*p - 9231. What is f(-54)?
3
Let g(k) = k**3 - 34*k**2 - 37*k + 1264. What is g(34)?
6
Let f(x) = -11*x**3 - x**2 + 3. Give f(2).
-89
Let z(q) = -q**3 + 24*q**2 - 40*q - 36. Give z(22).
52
Let q(s) = s**2 - 30*s + 203. What is q(16)?
-21
Let c(v) = -v**3 - 5*v**2 + 2*v - 147. Determine c(0).
-147
Let y(v) = v**2 - 23*v + 123. Give y(7).
11
Let m(i) = -i**3 - 10*i**2 + 116*i + 845. Calculate m(-7).
-114
Let f(n) = -n**3 - 15*n**2 - n - 1. Determine f(-15).
14
Let f(l) = -41*l**2 - 5*l - 3. Determine f(-1).
-39
Let k(z) = 20*z - 601. What is k(10)?
-401
Let d(m) = 89*m + 1332. Calculate d(-17).
-181
Let b(u) = 69*u**2 - 22*u - 50. Calculate b(-2).
270
Let l(d) = d - 53. What is l(7)?
-46
Let q(f) = -25*f**3 - 2*f**2 + 2*f + 2. Determine q(-1).
23
Let l(f) = -f**2 + 3*f + 78. Give l(-10).
-52
Let n(q) = -71*q + 4366. Give n(64).
-178
Let t(m) = 26*m - 1749. What is t(67)?
-7
Let f(z) = -276*z - 1107. What is f(-4)?
-3
Let q(z) = z**3 - 2*z**2 + 10*z - 20. Give q(-6).
-368
Let p(r) = 10*r**3 - 141*r**2 + 13*r - 35. What is p(14)?
-49
Let u(c) = -c**3 - 95*c**2 - 443*c + 649. Determine u(-90).
19
Let f(b) = -175*b - 6637. What is f(-38)?
13
Let j(d) = 2*d**3 + 11*d**2 + 17*d + 156. Give j(-6).
18
Let p(q) = -27*q + 29. Determine p(0).
29
Let u(l) = -l**2 - 112*l - 1900. What is u(-21)?
11
Let n(c) = c**3 + 52*c**2 - 539*c + 592. Give n(-61).
-18
Let g(o) = -4*o**3 - 14*o**2 + 143*o - 29. Calculate g(-8).
-21
Let x(u) = 2*u**3 - 40*u**2 + 12*u - 37. Determine x(19).
-531
Let q(m) = -2*m**2 - m + 16. What is q(6)?
-62
Let g(l) = l**3 - 13*l**2 + 8*l + 42. Determine g(12).
-6
Let d(j) = 189*j - 2083. Give d(11).
-4
Let j(s) = -s**2 + 720*s + 80. What is j(0)?
80
Let w(p) = 3*p**3 + 86*p**2 - 27*p + 49. Determine w(-29).
-9
Let q(b) = -b**3 - 24*b**2 + 57*b + 97. Give q(-26).
-33
Let p(g)